4*g + 19 = -7*g + 2*d, -g + y = 2*d. Give f(g).
-10
Let q be -17 + 9 + 25 - 2/(-2). Let v(c) = 5*c + 8 - q + 7*c**2 - c**3 + 5*c. Give v(8).
6
Suppose -2*s - 6 + 2 = -f, f = -s + 4. Let p(b) be the third derivative of -12*b**2 + s*b - 1/24*b**4 + 4/3*b**3 + 0. Give p(9).
-1
Let g(h) = h - 11 - 15 - 8 - 16 + 52. Let f(q) be the third derivative of -q**4/24 - q**3/6 - 2*q**2. Let c(x) = -3*f(x) + g(x). What is c(-5)?
-15
Let g(n) = -277 + 120 + 4*n + 105. Let z be g(-7). Let a = z - -84. Let v(m) = m**3 - 5*m**2 + 4*m - 2. Calculate v(a).
-2
Let s = -323 + 354. Suppose 0*v - 4*v - 5*x - s = 0, 5*x = -5*v - 35. Let l(b) = -9*b + 1. Calculate l(v).
37
Suppose 8*r - 36*r = 0. Let a(j) be the first derivative of -1/2*j**2 - 9*j - 1. Determine a(r).
-9
Let t be 2/(-6) - ((-440)/24 + 10). Let s(f) be the third derivative of f**5/60 - 5*f**4/24 - 5*f**3/3 - 3*f**2 + 44. Determine s(t).
14
Let q(i) = 1044*i - 530*i - 516*i - 4. Let k(w) = -w**3 + 8*w**2 + 10*w - 2. Let s be k(9). What is q(s)?
-18
Let q = 48 - 48. Let g(y) = q + 5 - 4*y - 4. Let l(v) = -2*v - 30. Let k be l(-13). What is g(k)?
17
Let s = 213 + -213. Let v(u) = -16*u + u**2 - 15*u + 25*u + s - 4. What is v(7)?
3
Let x(v) = v - 7. Let l(d) be the first derivative of -d**3/3 - 19*d**2/2 - 20*d + 27. Let y be l(-16). Suppose 18*o - y = 14*o. Give x(o).
0
Let w(c) = -c**3 - 12*c**2 - c + 2. Let n(l) = -9*l**3 - 2*l**2 - 3*l + 2. Let q(t) = t**3 + t**2. Let v(g) = n(g) + 6*q(g). Let j be v(2). Calculate w(j).
14
Let h(w) = -5*w**2 + 2*w - 4. Let j be h(1). Let a(o) = o**3 + 8*o**2 - 8. Give a(j).
41
Let c(n) = -n**2 + 3*n + 9. Suppose 11*b - 144 = -21*b + 16*b. Give c(b).
-45
Suppose 0 = 5*y - 4*b - 33, 5*b - 15 = -6*y + y. Let p = -127 + 154. Let u(x) = -p*x - 27*x + 9 - 28*x + 81*x. Determine u(y).
4
Let q(x) = 0 + 283*x - 284*x - 1 + 4 + 5. Give q(5).
3
Let k(w) = 24320*w - 24271*w + 3 + 11. Calculate k(2).
112
Suppose 0 = 3*z + 6. Let k(g) be the second derivative of g**5/5 + g**4/4 + g**3/2 + g**2/2 - 119*g - 7. Give k(z).
-25
Let l = 720 + -1199. Let s = l - -491. Let o(z) = -z**2 + 13*z + 9. Calculate o(s).
21
Let z(w) = -w**3 + 20*w**2 - 50*w + 3. Let n be z(17). Let h(i) = -i + 21*i**2 + 0*i - n*i**2 - 8*i. Suppose -2*p + 24 = p. Determine h(p).
-8
Let q(f) = 3*f**2 + 3*f**2 + 145795 - 7*f + f**3 + 18*f - 145786. Calculate q(-6).
-57
Let b(a) = 19*a - 237. Let j(z) = -20*z + 275. Let h(m) = -7*b(m) - 6*j(m). Calculate h(-9).
126
Suppose v + v - 43 = -5*x, -54 = -3*v - 4*x. Suppose 2*c + 50 = -3*l, 17*c = 15*c - l - 46. Let i = v + c. Let b(f) = -f + 4. What is b(i)?
12
Let q be (-42)/(-4)*((-8)/28 - -2). Suppose -3*i + 0*j - 5*j = -q, -4*j + 43 = 5*i. Let c(b) = 21 - i + 2*b - 4 - b. Give c(-4).
2
Let v(y) = -12*y**3 - 27*y**2 + y - 57. Let t(z) = 31*z**3 + 67*z**2 - 3*z + 143. Let d(b) = -5*t(b) - 13*v(b). Determine d(-16).
-6
Let l(c) = 4*c**3 + 47*c**2 + 24*c - 111. Let y be l(-11). Let w(t) = 7*t + 60. Calculate w(y).
-24
Let l(h) = h - 5. Let u(p) = -p**3 + 8*p**2 + 10*p - 4. Let m be u(9). Suppose -3*g + 2*v - 15 = 0, 9*g - m*v + 27 = 5*g. What is l(g)?
-8
Suppose 0*m + 49 = 7*m. Suppose -p + 39 = -5*c, -c - 5*p - 16 = -3. Let t = c + m. Let q(h) = -h - 1. What is q(t)?
0
Let c(y) = 39*y - 41. Let n = 16700 - 16698. Give c(n).
37
Let h(r) = -r**3 + 6*r - 8*r**2 - 474 + 14*r**2 + 489. Determine h(6).
51
Let m(s) = -6*s + 331. Let x(t) = t + 127. Let z(i) = -m(i) + 3*x(i). Calculate z(-4).
14
Let j(l) = -l**2 - l - 1. Suppose -8*o + 30 = -9*o + 16*o. Calculate j(o).
-7
Let r be (21/(-63))/((-4)/4). Let p(i) be the second derivative of -1/12*i**4 + 0*i**2 + 0 - r*i**3 - 33*i. Give p(-2).
0
Let c(s) be the second derivative of s**4/4 - s**3/3 + 7919*s. Let w(g) = -g + 11. Let v be w(8). Calculate c(v).
21
Let z(n) = -n**3 - 3*n**2 + 4. Let j = 362 + -360. Give z(j).
-16
Let w(m) = -m + 19. Let y be -6 + (-45)/2*(-16)/24. Calculate w(y).
10
Suppose 0*j - 5*j - 26 = -10*j + 4*m, m = -9. Let s(p) be the second derivative of -p**5/20 - p**4/4 - p**3/3 + p**2 - p. Determine s(j).
2
Let c(q) = q - 5. Let i(l) = 2*l + 24. Suppose -5*t - 44 = -t. Let m be i(t). Let p(r) = 2*r**2 - 3*r + 3. Let k be p(m). Determine c(k).
0
Let t(x) = 94*x**2 + 191*x + 1. Let h(w) = -30*w**3 + 270*w**2 - 8*w + 70. Let n be h(9). Determine t(n).
-5
Let u(b) = -25*b + 142. Let k(y) = 3*y - 17. Let w(r) = -17*k(r) - 2*u(r). Let t be -9*(-6)/9 - 2. Give w(t).
1
Let m = 1 + 5. Let o(s) be the third derivative of s**6/120 - s**5/10 - s**4/24 - 5*s**3/6 - 2*s**2 - 65*s + 3. Determine o(m).
-11
Let d(r) be the third derivative of -25*r**4/24 + 62*r**3/3 - 9*r**2 - 2*r. What is d(5)?
-1
Let f(p) = -5*p - 2. Let h(i) = 2*i - 4. Let x be h(7). Let c = -21 + 9. Let d = c + x. Calculate f(d).
8
Suppose -15*y - 24 = -3*y. Let s(j) = -3*j - 2*j**3 - 19*j**2 - 4 + 15*j**2 + 2. What is s(y)?
4
Let z(i) = -3*i**2 + 2*i + 1. Let u be 65/25 - (-8)/20. Suppose 2*p = 3*x - 15 - 18, -9 = u*p. Suppose 2 = -x*w + 7*w. Determine z(w).
-4
Let s(v) = -v + 0*v - 6 + 3. Let p(z) = -3*z + 5 - z**2 - 5 + 7 - 1. Let g be p(-5). Determine s(g).
1
Let t(b) = -9*b - 13*b**2 + 0*b + 12*b**2 - 10. Calculate t(-6).
8
Let t(j) = -4*j**3 + 2*j - 7*j - 9*j**2 - 8 + 3*j**3 - 6*j. Suppose -146*z + 5*z = 29*z + 1360. What is t(z)?
16
Let n be (2/10 - (1914/(-30))/11)/(-2). Let w(h) = 34*h + 100. What is w(n)?
-2
Suppose -38*o + 156 = 14*o. Let x(j) be the first derivative of -j**4/4 + j**3 + j**2 - j - 6. What is x(o)?
5
Let y(o) = -o + 19. Let c be y(14). Let x(p) be the second derivative of p**3/2 + 2*p**2 - 10*p. What is x(c)?
19
Let v(l) = l**2 + l + 1. Let c(n) = 6*n**2 + 15*n + 31. Let y(k) = c(k) - 5*v(k). What is y(-5)?
1
Let i(j) = j**3 - j. Let w(f) = 7*f**3 + 18*f**2 - 23*f - 6. Let z(s) = -6*i(s) + w(s). Calculate z(-19).
-44
Let m = 26 + -23. Suppose 4*b + 38 = m*b - 2*q, -10 = 2*q. Let f be 2/(0 + 32/b)*4. Let o(l) = l**3 + 7*l**2 - 2*l - 4. What is o(f)?
10
Suppose 0 = -30*n + 31*n - 4. Let w(h) = 3*h**3 - 13*h**2 + 6*h - 2. Calculate w(n).
6
Let i(q) be the first derivative of -q**3/3 + 9*q**2/2 - 6*q - 156. Let g be (-1*4)/((-2)/4). What is i(g)?
2
Suppose -2*c + 10 = -7*s + 3*s, 11 = -5*c - 2*s. Let p(b) = -6*b**2 + 9080*b + b**2 + 0*b**2 - 9080*b. Calculate p(c).
-5
Let n be (-3 + (-5 - -8))/1. Suppose 17*i + 12 + 22 = n. Let j(f) = f**2 + 5*f + 7. Give j(i).
1
Let y(r) be the second derivative of r**5/20 + r**4/12 - r**3/2 + 2*r**2 + r. Let g(c) = 256*c - 5123. Let l be g(20). What is y(l)?
-5
Let j(u) = 17*u - 9. Let r(y) = y - 1. Let b(p) = -2*j(p) + 18*r(p). Suppose -19*g + 30*g = -22. Determine b(g).
32
Suppose 5*u = -4*t + 4*u + 24, 3*t + u = 18. Let z(m) = 2*m - 2 + 6 - t*m + 5*m. Give z(-2).
2
Let n(b) = 3*b - 17. Suppose -g = -4*m - 7, g + g - 10 = 4*m. Let t(v) = -v**2 + 3*v + 7. Let k be t(g). Give n(k).
4
Let u(j) = -j**2 - 9*j - 7. Let v(o) = -17*o - 33. Let t be v(6). Let b = t + 126. Calculate u(b).
-7
Suppose 14*z - 144 = 26*z. Let m(f) be the first derivative of f**4/4 + 10*f**3/3 - 25*f**2/2 - 6*f + 39. Give m(z).
6
Suppose -2*s = 2*s - 4. Let i(o) be the first derivative of -o**3/3 - 186*o + 21. Let p(j) be the first derivative of i(j). What is p(s)?
-2
Let a(h) = -28 + 749*h - h**3 - 381*h + 21 + 7*h**2 - 373*h. Let v = 16 - 11. What is a(v)?
18
Let m(q) = -1689*q + 5078*q - 32 - 1694*q - 1688*q. Give m(7).
17
Let h(o) be the first derivative of o**5/20 + 349*o**3/3 - 6. Let s(g) be the third derivative of h(g). Suppose 2*q = 1 + 1. Calculate s(q).
6
Let l(d) = 3*d. Let i be l(1). Let k(m) = -2*m - 6. Let w(j) be the first derivative of -j**2 - 6*j - 100. Let o(q) = i*k(q) - 4*w(q). Calculate o(-8).
-10
Let n(g) = 7666 + 23*g**2 - 3848 - 2*g**3 - 5*g - 2*g - 3858. What is n(11)?
4
Let j(p) = -1 - 3*p + 34*p**2 - 58*p**2 + 14*p**3 - 1 + 31*p**2 - 7. Let d(r) = 25*r**3 + 13*r**2 - 7*r - 17. Let o(y) = 4*d(y) - 7*j(y). What is o(-4)?
-57
Let i(k) = -4*k**2 + 35 - 4*k**2 + 35 + 7*k**2 - 8*k - 73. Determine i(-7).
4
Let h(f) = 2*f**2 - 10 + 2*f**2 + 5 + f + 1. Suppose u - 6 = 3*u. Calculate h(u).
29
Suppose 167 + 113 = 35*c. Let x(q) = 9 + c*q + 5*q + 18*q - 21*q - q**2. Calculate x(10).
9
Let c(b) be the third derivative of -b**6/60 + b**5/60 + b**4/8 + b**3/3 + 339*b**2. Give c(2).
-4
Let k(f) = -f**3 + 17*f**2 